{"id":2570,"date":"2025-11-20T17:58:03","date_gmt":"2025-11-20T16:58:03","guid":{"rendered":"https:\/\/www.ev-kirche-loeffingen.de\/?page_id=2570"},"modified":"2025-11-20T17:58:03","modified_gmt":"2025-11-20T16:58:03","slug":"der-garten-mit-pflanzen-der-bibel","status":"publish","type":"page","link":"https:\/\/www.ev-kirche-loeffingen.de\/index.php\/der-garten-mit-pflanzen-der-bibel\/","title":{"rendered":"Der Garten mit Pflanzen der Bibel:"},"content":{"rendered":"\n<p>Schweren Herzens mussten wir unseren Garten mit Pflanzen der Bibel, der so liebevoll und tatkr\u00e4ftig von Peter Spiegel &#8222;ins Leben gerufen&#8220; wurde, aufl\u00f6sen.<\/p>\n<p>Mehr zur Geschichte dieses Gartens finden Sie in der Brosch\u00fcre, die uns Bj\u00f6rn Spiegel freundlicherweise \u00fcberlassen hat. Hier k\u00f6nnen Sie nachlesen, wie sich die Idee entwickelt hat und wie sie &#8211; und mit wem sie &#8211; umgesetzt wurde.<\/p>\n\n\n\n<figure class=\"wp-block-image size-large\"><a href=\"https:\/\/www.ev-kirche-loeffingen.de\/wp-content\/uploads\/2025\/11\/Garten_mit_Pflanzen_der_Bibel.pdf\"><img decoding=\"async\" src=\"https:\/\/www.ev-kirche-loeffingen.de\/wp-content\/uploads\/2025\/11\/Garten_mit_Pflanzen_der_Bibel-1-722x1024.jpg\" alt=\"\" class=\"wp-image-2572\"\/><\/a><\/figure>\n","protected":false},"excerpt":{"rendered":"<p>Schweren Herzens mussten wir unseren Garten mit Pflanzen der Bibel, der so liebevoll und tatkr\u00e4ftig von Peter Spiegel &#8222;ins Leben gerufen&#8220; wurde, aufl\u00f6sen. Mehr zur Geschichte dieses Gartens finden Sie &hellip; <\/p>\n<p class=\"link-more\"><a href=\"https:\/\/www.ev-kirche-loeffingen.de\/index.php\/der-garten-mit-pflanzen-der-bibel\/\" class=\"more-link\"><span class=\"screen-reader-text\">\u201eDer Garten mit Pflanzen der Bibel:\u201c <\/span>weiterlesen<\/a><\/p>\n","protected":false},"author":1,"featured_media":0,"parent":0,"menu_order":0,"comment_status":"closed","ping_status":"closed","template":"","meta":{"footnotes":""},"class_list":["post-2570","page","type-page","status-publish","hentry"],"_links":{"self":[{"href":"https:\/\/www.ev-kirche-loeffingen.de\/index.php\/wp-json\/wp\/v2\/pages\/2570","targetHints":{"allow":["GET"]}}],"collection":[{"href":"https:\/\/www.ev-kirche-loeffingen.de\/index.php\/wp-json\/wp\/v2\/pages"}],"about":[{"href":"https:\/\/www.ev-kirche-loeffingen.de\/index.php\/wp-json\/wp\/v2\/types\/page"}],"author":[{"embeddable":true,"href":"https:\/\/www.ev-kirche-loeffingen.de\/index.php\/wp-json\/wp\/v2\/users\/1"}],"replies":[{"embeddable":true,"href":"https:\/\/www.ev-kirche-loeffingen.de\/index.php\/wp-json\/wp\/v2\/comments?post=2570"}],"version-history":[{"count":5,"href":"https:\/\/www.ev-kirche-loeffingen.de\/index.php\/wp-json\/wp\/v2\/pages\/2570\/revisions"}],"predecessor-version":[{"id":2577,"href":"https:\/\/www.ev-kirche-loeffingen.de\/index.php\/wp-json\/wp\/v2\/pages\/2570\/revisions\/2577"}],"wp:attachment":[{"href":"https:\/\/www.ev-kirche-loeffingen.de\/index.php\/wp-json\/wp\/v2\/media?parent=2570"}],"curies":[{"name":"wp","href":"https:\/\/api.w.org\/{rel}","templated":true}]}}